e highest common factor of 71 and a?
71
Let w(u) = 2319*u + 4738. Let v be w(-2). Calculate the highest common factor of 32 and v.
4
Let v = -8659 - -8713. What is the greatest common factor of 54 and v?
54
Let p be ((-1)/1)/((6/2)/375). Let j be (5 + p/20)/(1/(-52)). What is the highest common factor of 26 and j?
13
Let f be (-13348)/(-426) + (-8)/6. What is the greatest common divisor of 75 and f?
15
Let a = 13 - 10. Let t = 134 - 98. Suppose 3*f + t = 3*p, a*f - 18 = -p - 2*f. Calculate the greatest common divisor of p and 26.
13
Suppose 30*o - 86*o = -4480. What is the greatest common divisor of 2160 and o?
80
Suppose 82*t + 336 = 83*t. What is the greatest common factor of 210 and t?
42
Let z be (17340/25)/(-4)*-5. Let l = z + -547. Suppose l = 5*c - c + 2*w, -c = w - 78. What is the greatest common factor of 205 and c?
41
Suppose -229*g = -563495 - 1163165. What is the highest common divisor of 312 and g?
52
Let z be -76*(0 - 15/6). Suppose 0 = 5*k + 70*y - 66*y - 416, 0 = -2*k + 5*y + 107. What is the greatest common divisor of z and k?
38
Let j(g) = 68*g - 5882. Let w be j(93). Let y(k) = 7*k - 1. Let x be y(5). Calculate the greatest common divisor of w and x.
34
Let u(g) = 89*g - 4. Let t be u(5). Let f = -7908 + 7929. What is the highest common factor of t and f?
21
Let f be 0 + 75 - (-5020)/(-251). Calculate the greatest common factor of f and 4631.
11
Let o = -437 + 437. Suppose u = 2*u + 5, 5*d - 4*u - 55 = 0. Suppose -p - 9 = 5*w, p + o*w - d = -w. What is the greatest common factor of 44 and p?
11
Let o be (4 - -59)*(2 - 12/(-4)). Let f = -299 + o. Calculate the greatest common factor of f and 32.
16
Let r = -3422 + 3482. Let t be 3/((-15)/(-4))*50. What is the highest common factor of r and t?
20
Let s(j) be the second derivative of -j**4/12 - 4*j**3/3 + j**2/2 + j. Let b = 2145 + -2153. Let i be s(b). Calculate the greatest common factor of 5 and i.
1
Suppose 47*r - 39*r - 1352 = 0. Let l = r + -65. What is the highest common factor of l and 13?
13
Let z be (29497 + -390)/(72/56 - (-4)/(-14)). What is the greatest common factor of z and 13?
13
Let b = 163 + -97. Let g(z) = 5*z**2 - 435*z - 418. Let u be g(88). What is the highest common factor of u and b?
22
Let g(t) = -3*t - 16. Let j be g(-6). Suppose j*h + 214 = 502. What is the greatest common divisor of 9 and h?
9
Let s = 438 + -641. Let h = 346 + s. Suppose -5*y + 0*y = -l + 1, 0 = l + 4*y - 19. Calculate the highest common divisor of l and h.
11
Let t(c) = -c**2 - 41*c - 34. Let n be t(-24). Calculate the highest common factor of n and 476.
34
Let r(b) = -b**3 + 12*b**2 - 9*b - 16. Let c be r(9). Suppose 8*p = 366 + c. Let s = p + -54. What is the highest common divisor of 2 and s?
2
Let i = -3582 + 3876. What is the greatest common factor of i and 84?
42
Suppose 17*s - 12*s - 2*w - 19254 = 0, -3*s = 3*w - 11544. Calculate the highest common factor of s and 33.
11
Suppose 59135 - 140509 - 415089 = -373*x. Let u = 3 + 8. What is the highest common factor of u and x?
11
Let s be 2/((-15)/105 + (-15)/(-7)). Let v be (-15 + s)/(-2 + 38/20). What is the greatest common factor of v and 80?
20
Let m(i) = -159*i - 2. Let n be m(-3). Suppose -2*p + 4*c + 464 = 0, 5*p - n = -3*c + 659. Let g be p/9 - 12/9. What is the highest common divisor of 168 and g?
24
Let o = 711 - 699. What is the greatest common factor of o and 12?
12
Let v = -1 - -5. Suppose w + v*w = 5. Let o = -131 - -133. What is the highest common divisor of o and w?
1
Let x(l) = 10*l - 253. Let k be x(26). Let t be (2 - -103)*(k - (-64)/(-10)). Calculate the highest common divisor of 1 and t.
1
Let b(h) = 7*h**2 + 294*h + 120. Let c be b(-42). Calculate the highest common factor of c and 2010.
30
Let d be (-6)/((-3289)/(-1105) + 5 + -8). What is the greatest common factor of 1479 and d?
51
Suppose 0 = -5*a - i + 13220, 2*i + 13220 = 11*a - 6*a. What is the greatest common factor of 4 and a?
4
Suppose 29*y - 43*y = -28*y + 630. Calculate the highest common divisor of y and 90.
45
Let y be 2/4 + 74/4. Calculate the highest common factor of 1957 and y.
19
Suppose 4*x + 0*k = k, 2*x = -k. Suppose x = 8*v + 31 + 65. Let a be (330/v)/((-2)/12). Calculate the greatest common factor of a and 15.
15
Suppose 107*q - 59995 = 42*q. What is the greatest common factor of q and 104?
13
Suppose -d + 11 = -0*v + 2*v, 3*v = -8*d + 36. Let r be 1 - 1 - -36 - -1*v. What is the highest common divisor of 260 and r?
20
Let p be -12 + 0 - -63 - -1. Calculate the greatest common factor of 44 and p.
4
Let o(f) = -f**2 + 16*f - 17. Let p be o(15). Suppose 5*x - 27 = 23. Let n be (p - -5)*x*1. What is the greatest common divisor of n and 75?
15
Let k be -8*75905/(-152) + 10/(-2). Calculate the greatest common factor of k and 315.
105
Suppose -n - 3*b - 388 = -3207, 4*n - 11259 = 5*b. What is the greatest common factor of n and 88?
88
Let c(v) = -818*v - 5504. Let g be c(-8). Calculate the greatest common divisor of 182 and g.
26
Let z be 39 - -539 - (-1 - 6). Suppose 3*j - g - 135 = 0, -44 = -j + 2*g + 1. Calculate the greatest common divisor of z and j.
45
Suppose t - 155 = 6*t. Let z be -5*t*2/2. Let k(b) = -2*b**3 + 7*b**2 - 112*b - 391. Let i be k(-3). Calculate the greatest common factor of i and z.
31
Let h be (6*6/(-27))/(2/(-339)). Let k = 352 - h. Calculate the greatest common factor of 18 and k.
18
Suppose -15*k + 23 + 1485 = -2*k. Calculate the greatest common factor of 5365 and k.
29
Let r(h) be the third derivative of -h**6/120 + h**4/4 + 4*h**3/3 + 58*h**2. Let a be r(-4). What is the highest common divisor of 24 and a?
24
Let t(p) = 30*p**2 + 7*p - 1. Let x be t(-3). Suppose c = 4*h + 42, -3*h = -3*c + 103 + 68. Calculate the greatest common divisor of x and c.
62
Suppose -135*f - 10863 = -11403. Suppose b + 5*s = 24, -2*s + 76 = 5*b + s. Calculate the greatest common divisor of f and b.
2
Let v be (-9)/((-243)/6) - ((-6552)/81)/14. Calculate the greatest common factor of 5 and v.
1
Suppose j + 3*m = 4*m + 46, -140 = -3*j + 4*m. Let x be (-2)/((-24)/36*(0 + 12/16)). What is the greatest common factor of j and x?
4
Let h = 72 - 93. Let p = 19 + h. Let n be p/(3/6 - 1). Calculate the greatest common factor of n and 16.
4
Let t be (0 + (1 - -1))/(30/435). Let z = -15 + 20. Suppose -99 = -z*l - t. What is the highest common divisor of l and 35?
7
Let j(w) = -w**3 - 2*w**2 + 8*w + 10. Let a be j(-5). Let h = 47 + -29. Let m = 27 - h. Calculate the highest common divisor of a and m.
9
Let m(p) = p**2 + 12*p + 4. Let h be m(-12). Suppose -5*i + 5*w = -141 - 89, 0 = h*w + 4. Calculate the highest common divisor of 63 and i.
9
Suppose 8*i - 3*i = 0. Let n(a) = -a**3 + a**2 + 344. Let h be n(i). Suppose 4*u - 176 = h. Calculate the highest common factor of u and 26.
26
Suppose 0*a = -13*a + 13. Suppose 0 = -4*m - 4*s + 236, -4*s - 294 = -4*m - 98. Let n be 12/m + (-14)/(-18). What is the highest common divisor of a and n?
1
Suppose -2*a + 11*w - 12*w = -7711, 2*a - 7676 = 4*w. What is the highest common factor of a and 576?
36
Let x be 6/14 - 3380/(-182). Suppose -x*p = -p - 1584. Calculate the highest common factor of 8 and p.
8
Suppose -15639 = -3*z + m, -m = 9*z - 4161 - 42780. What is the greatest common divisor of 35 and z?
35
Let r(w) = 40*w**2 + 11*w + 43. Let z be r(-3). What is the highest common divisor of 30 and z?
10
Let h = -75 - -187. Suppose -o + 48 = 6. What is the highest common factor of h and o?
14
Let f(i) = -2*i**3 - 12*i**2 + 33*i + 95. Let l be f(-16). Calculate the highest common divisor of 43 and l.
43
Let x be (-5)/(-2)*36/15. Suppose x*i + 60 = 10*i. Suppose i*v - 18*v + 144 = 0. What is the highest common divisor of 72 and v?
24
Let c = 13898 - 13226. What is the greatest common factor of c and 33?
3
Let u = -5871 - -6214. Calculate the highest common factor of u and 392.
49
Suppose -270900 = -4*c - 71*c. Calculate the greatest common factor of c and 48.
12
Suppose 7186 - 24587 - 15485 = -27*g. Calculate the greatest common divisor of 58 and g.
58
Suppose -7*n = 77*n - 60060. Calculate the greatest common divisor of 495 and n.
55
Suppose 5*q = 4*c - 829, -4*c + 0*c - 3*q = -789. Suppose -c*o = -197*o - 188. What is the highest common factor of o and 235?
47
Suppose -52*s - 825 + 16863 = 2*s. Calculate the